lculate the greatest common factor of 1012 and 45632.
92
Calculate the greatest common factor of 37392 and 336.
48
Calculate the greatest common factor of 72 and 2140056.
72
What is the greatest common divisor of 119 and 1477?
7
What is the greatest common divisor of 304 and 524780?
76
Calculate the highest common divisor of 89864 and 5452.
188
Calculate the greatest common factor of 410054 and 974.
974
What is the highest common divisor of 8375744 and 13?
13
Calculate the greatest common factor of 322715 and 12245.
395
Calculate the highest common divisor of 276 and 6515049.
69
What is the greatest common divisor of 668948 and 98?
98
Calculate the highest common divisor of 10 and 3088.
2
Calculate the greatest common divisor of 27 and 613701.
9
Calculate the highest common divisor of 712679 and 5159.
737
What is the highest common factor of 712 and 2560?
8
Calculate the highest common divisor of 1341 and 963.
9
What is the highest common factor of 697698 and 1401?
1401
Calculate the highest common divisor of 910 and 34944.
182
What is the greatest common factor of 11418912 and 744?
744
What is the greatest common divisor of 1296 and 306?
18
What is the greatest common factor of 26 and 367?
1
Calculate the highest common factor of 123 and 84173.
41
What is the highest common divisor of 2881 and 2365?
43
Calculate the highest common factor of 2466 and 781174.
274
What is the greatest common divisor of 225 and 1917?
9
Calculate the greatest common divisor of 124 and 93.
31
Calculate the greatest common factor of 13064 and 11615.
23
What is the greatest common factor of 100 and 12100?
100
What is the highest common factor of 76 and 2478284?
76
What is the highest common divisor of 2176 and 2482?
34
Calculate the highest common factor of 710 and 230.
10
Calculate the greatest common factor of 183136 and 388.
388
What is the greatest common divisor of 104668 and 10314?
382
Calculate the highest common factor of 258 and 139578.
258
Calculate the highest common factor of 1400 and 147280.
280
What is the greatest common divisor of 112 and 1876?
28
What is the highest common divisor of 1904 and 45934?
238
What is the greatest common factor of 2366 and 42?
14
What is the highest common divisor of 8343 and 4120?
103
What is the highest common factor of 1943 and 1421?
29
Calculate the greatest common factor of 763 and 4033.
109
What is the highest common factor of 2741789 and 59?
59
What is the greatest common factor of 8075 and 2125?
425
Calculate the highest common factor of 3920 and 26976.
16
Calculate the highest common factor of 40 and 955.
5
What is the highest common factor of 50365 and 175?
35
Calculate the greatest common divisor of 115 and 53015.
115
What is the highest common divisor of 1305 and 111?
3
Calculate the greatest common divisor of 21886 and 8119.
353
What is the highest common divisor of 12 and 1804620?
12
Calculate the highest common factor of 321852 and 3.
3
What is the greatest common divisor of 2016 and 77098?
14
What is the greatest common divisor of 240 and 23080?
40
Calculate the greatest common divisor of 408 and 75344.
136
Calculate the highest common divisor of 1 and 562713.
1
What is the greatest common factor of 3591 and 378?
189
What is the greatest common divisor of 18 and 145584?
18
What is the greatest common divisor of 254 and 111379?
127
Calculate the highest common factor of 1628 and 3564.
44
Calculate the greatest common divisor of 952756 and 56.
28
What is the highest common factor of 131 and 1511740?
131
What is the highest common factor of 11505 and 365505?
885
What is the highest common divisor of 8217 and 1551?
33
What is the greatest common divisor of 96781 and 17?
17
What is the highest common factor of 64343 and 57498?
1369
What is the greatest common divisor of 2008 and 344?
8
What is the greatest common factor of 309803 and 13?
13
What is the greatest common divisor of 585 and 43303?
13
Calculate the highest common divisor of 27459 and 62208.
243
Calculate the greatest common factor of 360 and 83724.
12
What is the greatest common divisor of 1204 and 12083?
43
What is the greatest common divisor of 3615561 and 279?
279
Calculate the greatest common divisor of 23088 and 384.
48
What is the greatest common divisor of 102 and 4911?
3
Calculate the greatest common factor of 3933 and 8208.
171
Calculate the greatest common divisor of 339 and 1100055.
339
Calculate the greatest common factor of 504856 and 220.
44
What is the highest common factor of 66 and 2024187?
33
Calculate the greatest common divisor of 3542 and 518.
14
Calculate the greatest common divisor of 3573 and 18.
9
What is the greatest common factor of 10 and 30705?
5
Calculate the highest common divisor of 65 and 488605.
65
What is the greatest common factor of 170 and 71366?
34
Calculate the highest common divisor of 210581 and 201.
67
What is the greatest common divisor of 13006 and 5026?
14
Calculate the highest common factor of 89595 and 11385.
495
What is the greatest common divisor of 71932 and 392?
196
What is the highest common factor of 31862 and 1068?
178
What is the greatest common factor of 35139 and 936?
39
Calculate the greatest common divisor of 106 and 9228.
2
What is the highest common divisor of 1830 and 22455?
15
Calculate the highest common divisor of 45 and 1817946.
9
Calculate the highest common divisor of 543 and 23711.
181
Calculate the greatest common factor of 44 and 110946.
22
Calculate the greatest common divisor of 85 and 36745.
5
Calculate the highest common divisor of 22609 and 23.
23
What is the highest common factor of 3010 and 1118516?
602
Calculate the highest common factor of 6110 and 4465.
235
What is the highest common divisor of 18 and 2985678?
18
What is the greatest common divisor of 4313 and 1672?
19
Calculate the greatest common factor of 83361 and 407.
37
Calculate the greatest common factor of 4683 and 210.
21
Calculate the greatest common divisor of 36700 and 300.
100
Calculate the highest common factor of 3975 and 34185.
795
Calculate the greatest common divisor of 576 and 68400.
144
What is the highest common divisor of 864 and 204912?
144
Calculate the highest common factor of 10 and 9935.
5
Calculate the greatest common divisor of 2794 and 9398.
254
What is the highest common factor of 753 and 745721?
251
Calculate the highest common divisor of 2585273 and 19.
19
Calculate the greatest common factor of 452608 and 442.
442
Calculate the greatest common factor of 63742 and 3611.
157
Calculate the highest common factor of 9815 and 115.
5
What is the greatest common factor of 77459 and 4?
1
What is the greatest common divisor of 23693 and 46139?
1247
Calculate the greatest common divisor of 115 and 13087.
23
Calculate the greatest common factor of 24032 and 39803.
751
Calculate the highest common factor of 2455211 and 206.
103
What is the highest common factor of 122598 and 360?
18
What is the greatest common divisor of 27 and 11064?
3
Calculate the highest common divisor of 737 and 110.
11
Calculate the greatest common divisor of 78772 and 1316.
188
What is the greatest common factor of 7171 and 153823?
101
Calculate the greatest common factor of 64199 and 2986.
1493
Calculate the highest common factor of 30504 and 124.
124
What is the highest common divisor of 245 and 3789415?
245
Calculate the highest common factor of 89775 and 225.
225
What is the greatest common divisor of 1565 and 460?
5
What is the greatest common factor of 114 and 723159?
57
What is the highest common factor of 457352 and 896?
56
What is the greatest common divisor of 48506 and 3950?
158
Calculate the greatest common factor of 6541 and 50406.
31
What is the highest common factor of 519449 and 49?
49
What is the greatest common divisor of 4450 and 575?
25
Calculate the highest common divisor of 19929 and 292.
73
What is the highest common factor of 1356746 and 474?
158
Calculate the highest common factor of 60496 and 722.
38
What is the highest common divisor of 25836 and 732?
12
Calculate the greatest common divisor of 91230 and 120.
30
Calculate the highest common divisor of 75871 and 51.
17
What is the highest common factor of 1630148 and 232?
116
Calculate the greatest common divisor of 18 and 296595.
9
Calculate th